culate r(-5).
-8
Let i(b) = -b**3 - 26*b**2 + 2*b + 54. Give i(-26).
2
Let f(s) = s**2 + 15*s + 8. What is f(-14)?
-6
Let h(u) = 5*u + 53. What is h(-11)?
-2
Let j(q) = q**3 - 8*q**2 - 5*q - 6. Give j(9).
30
Let m(d) = -d**3 + 15*d**2 - 20*d + 17. Give m(14).
-67
Let c(p) = -2*p**2 - 5*p + 1. What is c(-3)?
-2
Let l(g) = g**3 + 10*g**2 - 6*g + 58. Give l(-11).
3
Let y(z) = z**3 + 9*z**2 + 7*z - 7. What is y(-8)?
1
Let j(z) = -z**3 + 4*z**2 - 5*z + 6. Determine j(4).
-14
Let a(s) = -s**3 + 26*s**2 + 59*s - 86. Determine a(28).
-2
Let p(y) = -y**2 - 12*y + 6. What is p(-12)?
6
Let d(h) = -h**2 - h + 5. Give d(0).
5
Let p(m) = 3*m + 61. Give p(-14).
19
Let s(b) = 5*b - 18. What is s(3)?
-3
Let r(i) = -6*i - 89. Determine r(-14).
-5
Let q(g) = 28*g + 156. Calculate q(-5).
16
Let f(h) = -31*h + 377. Determine f(12).
5
Let n(u) = -u**3 + 4*u**2 + 3*u - 14. What is n(4)?
-2
Let s(v) = -v + 10. Give s(7).
3
Let j(k) = -k**3 - 5*k**2 + 7. Calculate j(-3).
-11
Let i(t) = -t + 15. Calculate i(13).
2
Let q(v) = v + 16. Give q(-6).
10
Let o(l) = -l**3 - 7*l**2 + 7*l - 3. Calculate o(-7).
-52
Let v(u) = -u**3 + 13*u - 6. Determine v(3).
6
Let g(n) = 44*n + 1545. Give g(-35).
5
Let i(r) = r**2 + 13*r + 17. Determine i(-12).
5
Let i(h) = 2*h**2 - 8*h - 18. Determine i(0).
-18
Let k(f) = f**3 - 5*f**2 + f + 7. What is k(3)?
-8
Let z(y) = y**2 - 6*y + 2. Calculate z(5).
-3
Let t(y) = -y**3 - 8*y**2 - y + 7. Determine t(-7).
-35
Let p(u) = -u**3 + 9*u**2 - 15*u + 28. Give p(8).
-28
Let m(i) = i**3 - 11*i**2 + 18*i + 12. Give m(9).
12
Let t(l) = -l**3 - 7*l**2 + 31*l - 3. Give t(3).
0
Let a(i) = i**3 - 6*i**2 - i + 1. Give a(6).
-5
Let i(j) = j**3 + 10*j**2 + 11*j + 12. Determine i(-9).
-6
Let a(c) = 15*c**3 - 4*c**2 + 3*c - 1. What is a(2)?
109
Let b(w) = -w**2 - 44*w - 357. What is b(-33)?
6
Let i(p) = 23*p + 8. What is i(-4)?
-84
Let u(d) = 14*d + 2. Give u(3).
44
Let q(c) = 6*c - 4. What is q(2)?
8
Let j(l) = -l**3 + 11*l**2 - 16*l + 13. What is j(10)?
-47
Let f(x) = 10*x + 296. Calculate f(-29).
6
Let x(g) = -3*g**3 + 2*g**2 - g - 4. What is x(3)?
-70
Let f(n) = 6*n + 24. Calculate f(-4).
0
Let b(f) = -22*f**2 + f. Determine b(-1).
-23
Let d(v) = -5*v + 99. Give d(7).
64
Let s(t) = -t**3 - 13*t**2 - 10. Determine s(-13).
-10
Let c(q) = -5*q**2 + 2*q + 4. Give c(0).
4
Let v(c) = -8*c - 126. Calculate v(-17).
10
Let w(k) = k**2 - k - 34. Give w(0).
-34
Let d(q) = q + 2. Calculate d(-14).
-12
Let o(c) = -c**3 - 2*c**2 - 2. Determine o(-2).
-2
Let y(t) = 4*t + 145. Give y(-39).
-11
Let a(h) = 2*h**3 - 3*h**2. Determine a(2).
4
Let u(s) = s**3 - 5*s**2 - 12*s + 41. Determine u(6).
5
Let s(y) = 3*y**2 - 16*y - 16. Calculate s(6).
-4
Let r(h) = -h**2 - 2*h + 1. Give r(-2).
1
Let y(c) = c**3 - c**2 + 14. Give y(0).
14
Let d(y) = -y**3 + 7*y**2 - 3*y + 20. Determine d(7).
-1
Let m(h) = -h**2 - 15*h - 8. Calculate m(-9).
46
Let g(k) = k**3 - 8*k**2 + 8*k - 11. Give g(7).
-4
Let s(c) = -2*c**3 + 2*c**2 + 3*c + 2. Give s(-1).
3
Let u(t) = -t**3 + 7*t**2 + 11*t - 12. Determine u(8).
12
Let m(s) = -6*s**2 - 11*s - 16. Calculate m(-2).
-18
Let s(h) = h**2 - 32*h + 73. Calculate s(30).
13
Let h(d) = d**2 - 26*d + 55. What is h(24)?
7
Let c(w) = -4*w**2 - w + 5. Determine c(-3).
-28
Let g(b) = -6*b - 163. Give g(-30).
17
Let n(x) = 2*x**2 - 23*x + 36. Calculate n(10).
6
Let r(m) = -10*m - 86. Give r(-9).
4
Let z(j) = j**3 + 10*j**2 - 10*j + 3. What is z(-11)?
-8
Let b(d) = -6*d - 66. Calculate b(-14).
18
Let h(d) = -4*d**3 - d + 1. Determine h(1).
-4
Let i(m) = m**2 - 42*m - 287. What is i(-6)?
1
Let h(b) = b**3 - 11*b**2 + 29*b + 11. Calculate h(6).
5
Let s(o) = -2*o + 75. What is s(38)?
-1
Let v(r) = -r**3 + 9*r**2 - 2*r + 4. Determine v(9).
-14
Let g(j) = -j + 6. Determine g(0).
6
Let y(k) = 38*k + 187. What is y(-5)?
-3
Let d(n) = -24*n - 284. Give d(-12).
4
Let d(l) = l**3 - 22*l**2 - l + 27. Determine d(22).
5
Let d(m) = -4*m - 36. Determine d(-11).
8
Let a(h) = -3*h + 23. Determine a(17).
-28
Let u(g) = 15*g**2 - g - 2. Determine u(-2).
60
Let i(p) = 9*p - 2. What is i(-4)?
-38
Let t(w) = 8*w - 7. Give t(3).
17
Let x(p) = p**2 - 43*p - 535. Determine x(-10).
-5
Let z(p) = -5*p + 32. Give z(6).
2
Let i(l) = 2*l**2 + 29*l - 64. Determine i(2).
2
Let b(w) = 12*w**3 - w + 1. Calculate b(1).
12
Let m(h) = 2*h**2 - 18*h - 59. What is m(-3)?
13
Let n(l) = 2*l**3 + 30*l**2 - 2*l - 24. Determine n(-15).
6
Let p(v) = v**2 + 13*v + 57. What is p(-7)?
15
Let a(z) = 39*z**2 + 4*z - 2. What is a(1)?
41
Let b(m) = m - 13. Calculate b(13).
0
Let h(t) = -4*t + 15. Calculate h(5).
-5
Let q(b) = -b**2 - 14*b + 20. Give q(-16).
-12
Let t(f) = -2*f**2 + 2*f + 4. What is t(3)?
-8
Let a(m) = -4*m - 10. What is a(-5)?
10
Let c(d) = d**2 + 11*d + 27. Calculate c(-7).
-1
Let b(k) = -3*k**2 + 3*k + 10. What is b(-2)?
-8
Let d(l) = -2*l**2 + 15*l - 5. Give d(6).
13
Let m(k) = -4*k + 94. Calculate m(10).
54
Let t(b) = -3*b + 17. Determine t(14).
-25
Let v(q) = q**3 - 12*q**2 + 2*q - 28. Determine v(12).
-4
Let a(r) = r**3 - 10*r**2 + 8*r - 4. What is a(4)?
-68
Let b(n) = -9*n**3 + n**2 - 4*n - 4. What is b(-1)?
10
Let p(j) = -j**3 - 5*j**2 + 10*j + 9. Calculate p(-7).
37
Let m(s) = -2*s - 5. What is m(4)?
-13
Let o(m) = -m**3 - 8*m**2 - 9*m - 7. Calculate o(-7).
7
Let f(g) = -g**3 + 3*g - 4. Calculate f(-3).
14
Let a(g) = g**3 + 7*g**2 + g - 32. Determine a(-5).
13
Let f(x) = -x**2 - 30*x + 457. Calculate f(-41).
6
Let x(w) = 2*w**2 - 32*w + 40. Determine x(15).
10
Let x(y) = y**2 + 2*y - 12. Give x(-8).
36
Let k(h) = h**3 + 12*h**2 - 15*h + 4. Give k(-13).
30
Let x(m) = 4*m**2. Calculate x(1).
4
Let l(a) = a**2 + 8*a - 3. Give l(-5).
-18
Let o(q) = -2*q - 26. What is o(-17)?
8
Let w(k) = k**3 - 15*k**2 + 57*k - 1. What is w(8)?
7
Let o(i) = i + 12. What is o(-12)?
0
Let p(d) = d**2 - 6*d + 5. Determine p(3).
-4
Let q(n) = -n**2 - 7*n. Give q(-7).
0
Let g(w) = -w**2 + 11*w - 19. Calculate g(10).
-9
Let o(c) = -c**3 + 11*c**2 - 18*c - 11. What is o(9)?
-11
Let c(f) = -4*f**2 + f + 2. Give c(-2).
-16
Let h(m) = -m**2 + 8*m - 5. Give h(6).
7
Let s(m) = m**3 + 28*m**2 - 96*m - 98. Give s(-31).
-5
Let u(v) = -v**2 + 2. What is u(4)?
-14
Let f(g) = -2*g + 35. What is f(9)?
17
Let w(h) = -5*h - 25. What is w(-4)?
-5
Let m(t) = -t**3 - 21*t**2 - 26*t - 58. Determine m(-20).
62
Let y(i) = 3*i - 15. What is y(12)?
21
Let n(i) = i - 2. Give n(6).
4
Let u(c) = 2*c**3 + 12*c**2 + 7*c - 14. Calculate u(-5).
1
Let s(z) = -2*z**3 + 12*z**2 - 3*z + 9. Give s(6).
-9
Let i(u) = 2*u**2 - 11*u + 4. Determine i(9).
67
Let x(q) = 3*q + 40. What is x(-14)?
-2
Let k(f) = -f**2 - 8*f - 33. Determine k(-4).
-17
Let l(i) = -12*i + 32. Determine l(8).
-64
Let t(r) = r + 12. Determine t(-5).
7
Let f(h) = -h**3 + 6*h**2 + 7*h - 4. What is f(6)?
38
Let r(h) = h**3 + 11*h**2 + 21*h + 31. Determine r(-9).
4
Let n(q) = q**3 + 2*q**2 - 2*q - 2. Calculate n(-2).
2
Let r(c) = -31*c + 152. What is r(5)?
-3
Let q(d) = 3*d + 147. Give q(-48).
3
Let i(v) = -v**3 + 11*v**2 - 8*v - 22. What is i(10)?
-2
Let r(y) = y**3 - 10*y**2 - 9*y + 4. What is r(11)?
26
Let m(u) = -u**3 - u**2 - u - 14. Determine m(0).
-14
Let o(z) = -13*z**3 + 2*z**2 + 3*z - 2. Give o(2).
-92
Let h(o) = -o - 5. Give h(-2).
-3
Let p(u) = 5*u + 1. What is p(1)?
6
Let n(z) = 5*z - 46. Determine n(0).
-46
Let u(t) = -2*t**2 + 38*t - 59. Give u(17).
9
Let f(n) = -2*n + 51. Determine f(7).
37
Let x(f) = -f**3 + 11*f**2 - 18*f + 16. Give x(8).
64
Let k(z) = -4*z + 13. What is k(4)?
-3
Let a(c) = -10*c + 57. Calculate a(6).
-3
Let s(i) = -7*i + 1. Calculate s(1).
-6
Let b(w) = -w**2 + 10*w - 9. What is b(4)?
15
Let u(f) = 5*f - 81. Determine u(0).
-81
Let d(p) = -p**2 - 17*p - 15. Calculate d(-16).
1
Let y(o) = -o**3 + 11*o**2 - 10*o + 7. Calculate y(10).
7
Let r(u) = -u**3 + 12*u**2 - 36*u + 3. Calculate r(6).
3
Let f(q) = -4*q + 129. What is f(34)?
-7
Let s(h) = -7*h**2 - 2*h + 2. Calculate s(2).
-30
Let s(z) = -z**2 - 3*z + 16. Determine s(-6).
-2
Let i(p) = p**3 - 9*p**2 + 18*p - 5. Calculate i(6).
-5
Let x(i) = i**2 - 27*i - 1144. What is x(-23)?
6
Let l(c) = -c**3 + 24*c**2 - 41*c - 63. Give l(22).
3
Let m(h) = -h**3 + 16*h**2 - 3*h + 39. Give m(16).
-9
Let a(i) = 3*i + 2. Calculate a(-3).
-7
Let g(r) = 2*r - 23. What is g(13)?
3
Let u(c) = -c**2 + 12*c + 2. What i